{"id":1048,"date":"2023-10-26T00:15:43","date_gmt":"2023-10-25T22:15:43","guid":{"rendered":"https:\/\/maverda.fr\/?page_id=1048"},"modified":"2023-11-21T16:48:22","modified_gmt":"2023-11-21T15:48:22","slug":"cerbere-ville-frontiere","status":"publish","type":"page","link":"https:\/\/maverda.fr\/index.php\/production-documentaire\/cerbere-ville-frontiere\/","title":{"rendered":"Cerb\u00e8re ville fronti\u00e8re"},"content":{"rendered":"\t\t<div data-elementor-type=\"wp-page\" data-elementor-id=\"1048\" class=\"elementor elementor-1048\">\n\t\t\t\t\t\t\t\t\t<section class=\"elementor-section elementor-top-section elementor-element elementor-element-0c58284 elementor-section-boxed elementor-section-height-default elementor-section-height-default\" data-id=\"0c58284\" data-element_type=\"section\">\n\t\t\t\t\t\t<div class=\"elementor-container elementor-column-gap-default\">\n\t\t\t\t\t<div class=\"elementor-column elementor-col-100 elementor-top-column elementor-element elementor-element-bce3cd9\" data-id=\"bce3cd9\" data-element_type=\"column\">\n\t\t\t<div class=\"elementor-widget-wrap elementor-element-populated\">\n\t\t\t\t\t\t\t\t<div class=\"elementor-element elementor-element-a523939 elementor-widget elementor-widget-heading\" data-id=\"a523939\" data-element_type=\"widget\" data-widget_type=\"heading.default\">\n\t\t\t\t<div class=\"elementor-widget-container\">\n\t\t\t<style>\/*! elementor - v3.10.0 - 09-01-2023 *\/\n.elementor-heading-title{padding:0;margin:0;line-height:1}.elementor-widget-heading .elementor-heading-title[class*=elementor-size-]>a{color:inherit;font-size:inherit;line-height:inherit}.elementor-widget-heading .elementor-heading-title.elementor-size-small{font-size:15px}.elementor-widget-heading .elementor-heading-title.elementor-size-medium{font-size:19px}.elementor-widget-heading .elementor-heading-title.elementor-size-large{font-size:29px}.elementor-widget-heading .elementor-heading-title.elementor-size-xl{font-size:39px}.elementor-widget-heading .elementor-heading-title.elementor-size-xxl{font-size:59px}<\/style><h1 class=\"elementor-heading-title elementor-size-default\">Cerb\u00e8re, ville fronti\u00e8re<\/h1>\t\t<\/div>\n\t\t\t\t<\/div>\n\t\t\t\t\t<\/div>\n\t\t<\/div>\n\t\t\t\t\t\t\t<\/div>\n\t\t<\/section>\n\t\t\t\t<section class=\"elementor-section elementor-top-section elementor-element elementor-element-db00309 elementor-section-boxed elementor-section-height-default elementor-section-height-default\" data-id=\"db00309\" data-element_type=\"section\">\n\t\t\t\t\t\t<div class=\"elementor-container elementor-column-gap-default\">\n\t\t\t\t\t<div class=\"elementor-column elementor-col-50 elementor-top-column elementor-element elementor-element-d27893b\" data-id=\"d27893b\" data-element_type=\"column\">\n\t\t\t<div class=\"elementor-widget-wrap elementor-element-populated\">\n\t\t\t\t\t\t\t\t<div class=\"elementor-element elementor-element-86bf7a1 elementor-widget elementor-widget-image\" data-id=\"86bf7a1\" data-element_type=\"widget\" data-widget_type=\"image.default\">\n\t\t\t\t<div class=\"elementor-widget-container\">\n\t\t\t<style>\/*! elementor - v3.10.0 - 09-01-2023 *\/\n.elementor-widget-image{text-align:center}.elementor-widget-image a{display:inline-block}.elementor-widget-image a img[src$=\".svg\"]{width:48px}.elementor-widget-image img{vertical-align:middle;display:inline-block}<\/style>\t\t\t\t\t\t\t\t\t\t\t\t<img loading=\"lazy\" decoding=\"async\" width=\"1024\" height=\"708\" src=\"https:\/\/maverda.fr\/wp-content\/uploads\/2023\/11\/01-Visuel-Jaquette-Cerbere-ville-frontiere-1024x708.jpg\" class=\"attachment-large size-large wp-image-1653\" alt=\"\" srcset=\"https:\/\/maverda.fr\/wp-content\/uploads\/2023\/11\/01-Visuel-Jaquette-Cerbere-ville-frontiere-1024x708.jpg 1024w, https:\/\/maverda.fr\/wp-content\/uploads\/2023\/11\/01-Visuel-Jaquette-Cerbere-ville-frontiere-300x207.jpg 300w, https:\/\/maverda.fr\/wp-content\/uploads\/2023\/11\/01-Visuel-Jaquette-Cerbere-ville-frontiere-768x531.jpg 768w, https:\/\/maverda.fr\/wp-content\/uploads\/2023\/11\/01-Visuel-Jaquette-Cerbere-ville-frontiere-1536x1062.jpg 1536w, https:\/\/maverda.fr\/wp-content\/uploads\/2023\/11\/01-Visuel-Jaquette-Cerbere-ville-frontiere.jpg 1800w\" sizes=\"auto, (max-width: 1024px) 100vw, 1024px\" \/>\t\t\t\t\t\t\t\t\t\t\t\t\t\t\t<\/div>\n\t\t\t\t<\/div>\n\t\t\t\t\t<\/div>\n\t\t<\/div>\n\t\t\t\t<div class=\"elementor-column elementor-col-50 elementor-top-column elementor-element elementor-element-97536c1\" data-id=\"97536c1\" data-element_type=\"column\">\n\t\t\t<div class=\"elementor-widget-wrap elementor-element-populated\">\n\t\t\t\t\t\t\t\t<div class=\"elementor-element elementor-element-46695cb elementor-widget elementor-widget-text-editor\" data-id=\"46695cb\" data-element_type=\"widget\" data-widget_type=\"text-editor.default\">\n\t\t\t\t<div class=\"elementor-widget-container\">\n\t\t\t<style>\/*! elementor - v3.10.0 - 09-01-2023 *\/\n.elementor-widget-text-editor.elementor-drop-cap-view-stacked .elementor-drop-cap{background-color:#818a91;color:#fff}.elementor-widget-text-editor.elementor-drop-cap-view-framed .elementor-drop-cap{color:#818a91;border:3px solid;background-color:transparent}.elementor-widget-text-editor:not(.elementor-drop-cap-view-default) .elementor-drop-cap{margin-top:8px}.elementor-widget-text-editor:not(.elementor-drop-cap-view-default) .elementor-drop-cap-letter{width:1em;height:1em}.elementor-widget-text-editor .elementor-drop-cap{float:left;text-align:center;line-height:1;font-size:50px}.elementor-widget-text-editor .elementor-drop-cap-letter{display:inline-block}<\/style>\t\t\t\t<p>&#8211;\u00a0 Documentaire 52 minutes &#8211; 2015<\/p><p>&#8211; Coproduction France t\u00e9l\u00e9visions \/ Les Productions de la Main Verte<\/p><p>&#8211; R\u00e9alisation : Michel Chinaski<\/p><p>&#8211; Image et direction technique : Christophe Bardy<\/p><p>&#8211; Montage et infographies : R\u00e9mi moulin<\/p><p>&#8211; Son : David Laporte-Gardes<\/p><p>&#8211; Voix : Louise Boudevin et Jean-Jacques Lelt\u00e9<\/p><p>&#8211; Musique originale et ambiance sonore : Virgile Goller, Guillaume Gu\u00e9rin, Nazim Moulay, J\u00e9r\u00e9mie Gu\u00e9rin et Victor Badze<\/p>\t\t\t\t\t\t<\/div>\n\t\t\t\t<\/div>\n\t\t\t\t<div class=\"elementor-element elementor-element-5204181 elementor-widget elementor-widget-text-editor\" data-id=\"5204181\" data-element_type=\"widget\" data-widget_type=\"text-editor.default\">\n\t\t\t\t<div class=\"elementor-widget-container\">\n\t\t\t\t\t\t\t<p>Formats projection : DCP 1:85, Fichier H264 &#8211; 1080P25 <a href=\"https:\/\/maverda.fr\/index.php\/dvd-vod\/\"><br \/>Disponible en DVD et en location ou achat streaming HD VOD<\/a><\/p>\t\t\t\t\t\t<\/div>\n\t\t\t\t<\/div>\n\t\t\t\t\t<\/div>\n\t\t<\/div>\n\t\t\t\t\t\t\t<\/div>\n\t\t<\/section>\n\t\t\t\t<section class=\"elementor-section elementor-top-section elementor-element elementor-element-3cbc86d elementor-section-boxed elementor-section-height-default elementor-section-height-default\" data-id=\"3cbc86d\" data-element_type=\"section\">\n\t\t\t\t\t\t<div class=\"elementor-container elementor-column-gap-default\">\n\t\t\t\t\t<div class=\"elementor-column elementor-col-100 elementor-top-column elementor-element elementor-element-b3472ba\" data-id=\"b3472ba\" data-element_type=\"column\">\n\t\t\t<div class=\"elementor-widget-wrap elementor-element-populated\">\n\t\t\t\t\t\t\t\t<div class=\"elementor-element elementor-element-b0f16f4 elementor-widget elementor-widget-text-editor\" data-id=\"b0f16f4\" data-element_type=\"widget\" data-widget_type=\"text-editor.default\">\n\t\t\t\t<div class=\"elementor-widget-container\">\n\t\t\t\t\t\t\t<p>Cerb\u00e8re, petit\u00a0hameau de p\u00eacheurs, lov\u00e9 au c\u0153ur d&rsquo;une petite crique m\u00e9diterran\u00e9enne\u00a0\u00e0 la fronti\u00e8re avec l&rsquo;Espagne\u00a0est devenu une ville-usine sous l&rsquo;impulsion du d\u00e9veloppement industriel et commercial de la fin du 19\u00e8me si\u00e8cle.<br \/>L&rsquo;arriv\u00e9e du train et la construction d&rsquo;une gare internationale\u00a0va bouleverser la vie de cette enclave, l&rsquo;\u00e9cartement des rails avec l&rsquo;Espagne \u00e9tant diff\u00e9rent. Ceci a impliqu\u00e9 un travail de transbordement des voyageurs\u00a0et des marchandises pendant pr\u00e8s de 80 ans.<br \/>Cette situation sera l&rsquo;origine d&rsquo;importantes gr\u00e8ves f\u00e9minines\u00a0en 1906\u00a0et de la\u00a0richesse de Cerb\u00e8re jusqu&rsquo;\u00e0 l&rsquo;ouverture des fronti\u00e8res dans les ann\u00e9es 1990 et l&rsquo;intensification du transport routier.<br \/>Entre Pyr\u00e9n\u00e9es et M\u00e9diterran\u00e9e l&rsquo;histoire de ce village si particulier nous offre en miniature le parcours \u00e9conomique et social du continent europ\u00e9en du si\u00e8cle pass\u00e9. Avec ses hauts et ses bas, ses conflits sociaux et ses p\u00e9riodes fastueuses.<\/p>\t\t\t\t\t\t<\/div>\n\t\t\t\t<\/div>\n\t\t\t\t\t<\/div>\n\t\t<\/div>\n\t\t\t\t\t\t\t<\/div>\n\t\t<\/section>\n\t\t\t\t<section class=\"elementor-section elementor-top-section elementor-element elementor-element-cbe8e03 elementor-section-boxed elementor-section-height-default elementor-section-height-default\" data-id=\"cbe8e03\" data-element_type=\"section\">\n\t\t\t\t\t\t<div class=\"elementor-container elementor-column-gap-default\">\n\t\t\t\t\t<div class=\"elementor-column elementor-col-33 elementor-top-column elementor-element elementor-element-5a46860\" data-id=\"5a46860\" data-element_type=\"column\">\n\t\t\t<div class=\"elementor-widget-wrap\">\n\t\t\t\t\t\t\t\t\t<\/div>\n\t\t<\/div>\n\t\t\t\t<div class=\"elementor-column elementor-col-33 elementor-top-column elementor-element elementor-element-f0adf9e\" data-id=\"f0adf9e\" data-element_type=\"column\">\n\t\t\t<div class=\"elementor-widget-wrap elementor-element-populated\">\n\t\t\t\t\t\t\t\t<div class=\"elementor-element elementor-element-0f8e6cb elementor-aspect-ratio-169 elementor-widget elementor-widget-video\" data-id=\"0f8e6cb\" data-element_type=\"widget\" data-settings=\"{&quot;video_type&quot;:&quot;vimeo&quot;,&quot;aspect_ratio&quot;:&quot;169&quot;}\" data-widget_type=\"video.default\">\n\t\t\t\t<div class=\"elementor-widget-container\">\n\t\t\t<style>\/*! elementor - v3.10.0 - 09-01-2023 *\/\n.elementor-widget-video .elementor-widget-container{overflow:hidden;transform:translateZ(0)}.elementor-widget-video .elementor-open-inline .elementor-custom-embed-image-overlay{position:absolute;top:0;left:0;width:100%;height:100%;background-size:cover;background-position:50%}.elementor-widget-video .elementor-custom-embed-image-overlay{cursor:pointer;text-align:center}.elementor-widget-video .elementor-custom-embed-image-overlay:hover .elementor-custom-embed-play i{opacity:1}.elementor-widget-video .elementor-custom-embed-image-overlay img{display:block;width:100%}.elementor-widget-video .e-hosted-video .elementor-video{-o-object-fit:cover;object-fit:cover}.e-con-inner>.elementor-widget-video,.e-con>.elementor-widget-video{width:var(--container-widget-width);--flex-grow:var(--container-widget-flex-grow)}<\/style>\t\t<div class=\"elementor-wrapper elementor-fit-aspect-ratio elementor-open-inline\">\n\t\t\t<iframe class=\"elementor-video-iframe\" allowfullscreen title=\"Lecteur vid\u00e9o vimeo\" src=\"https:\/\/player.vimeo.com\/video\/182658087?color&amp;autopause=0&amp;loop=0&amp;muted=0&amp;title=1&amp;portrait=1&amp;byline=1#t=\"><\/iframe>\t\t<\/div>\n\t\t\t\t<\/div>\n\t\t\t\t<\/div>\n\t\t\t\t\t<\/div>\n\t\t<\/div>\n\t\t\t\t<div class=\"elementor-column elementor-col-33 elementor-top-column elementor-element elementor-element-e77d1e2\" data-id=\"e77d1e2\" data-element_type=\"column\">\n\t\t\t<div class=\"elementor-widget-wrap\">\n\t\t\t\t\t\t\t\t\t<\/div>\n\t\t<\/div>\n\t\t\t\t\t\t\t<\/div>\n\t\t<\/section>\n\t\t\t\t<section class=\"elementor-section elementor-top-section elementor-element elementor-element-310aaf0 elementor-section-boxed elementor-section-height-default elementor-section-height-default\" data-id=\"310aaf0\" data-element_type=\"section\">\n\t\t\t\t\t\t<div class=\"elementor-container elementor-column-gap-default\">\n\t\t\t\t\t<div class=\"elementor-column elementor-col-50 elementor-top-column elementor-element elementor-element-82a7e32\" data-id=\"82a7e32\" data-element_type=\"column\">\n\t\t\t<div class=\"elementor-widget-wrap elementor-element-populated\">\n\t\t\t\t\t\t\t\t<div class=\"elementor-element elementor-element-71b590f elementor-aspect-ratio-169 elementor-widget elementor-widget-video\" data-id=\"71b590f\" data-element_type=\"widget\" data-settings=\"{&quot;video_type&quot;:&quot;vimeo&quot;,&quot;aspect_ratio&quot;:&quot;169&quot;}\" data-widget_type=\"video.default\">\n\t\t\t\t<div class=\"elementor-widget-container\">\n\t\t\t\t\t<div class=\"elementor-wrapper elementor-fit-aspect-ratio elementor-open-inline\">\n\t\t\t<iframe class=\"elementor-video-iframe\" allowfullscreen title=\"Lecteur vid\u00e9o vimeo\" src=\"https:\/\/player.vimeo.com\/video\/182999771?color&amp;autopause=0&amp;loop=0&amp;muted=0&amp;title=1&amp;portrait=1&amp;byline=1#t=\"><\/iframe>\t\t<\/div>\n\t\t\t\t<\/div>\n\t\t\t\t<\/div>\n\t\t\t\t\t<\/div>\n\t\t<\/div>\n\t\t\t\t<div class=\"elementor-column elementor-col-50 elementor-top-column elementor-element elementor-element-24b5b80\" data-id=\"24b5b80\" data-element_type=\"column\">\n\t\t\t<div class=\"elementor-widget-wrap elementor-element-populated\">\n\t\t\t\t\t\t\t\t<div class=\"elementor-element elementor-element-93dcb4a elementor-aspect-ratio-169 elementor-widget elementor-widget-video\" data-id=\"93dcb4a\" data-element_type=\"widget\" data-settings=\"{&quot;video_type&quot;:&quot;vimeo&quot;,&quot;aspect_ratio&quot;:&quot;169&quot;}\" data-widget_type=\"video.default\">\n\t\t\t\t<div class=\"elementor-widget-container\">\n\t\t\t\t\t<div class=\"elementor-wrapper elementor-fit-aspect-ratio elementor-open-inline\">\n\t\t\t<iframe class=\"elementor-video-iframe\" allowfullscreen title=\"Lecteur vid\u00e9o vimeo\" src=\"https:\/\/player.vimeo.com\/video\/185283574?color&amp;autopause=0&amp;loop=0&amp;muted=0&amp;title=1&amp;portrait=1&amp;byline=1#t=\"><\/iframe>\t\t<\/div>\n\t\t\t\t<\/div>\n\t\t\t\t<\/div>\n\t\t\t\t\t<\/div>\n\t\t<\/div>\n\t\t\t\t\t\t\t<\/div>\n\t\t<\/section>\n\t\t\t\t\t\t\t<\/div>\n\t\t","protected":false},"excerpt":{"rendered":"<p>Cerb\u00e8re, ville fronti\u00e8re &#8211;\u00a0 Documentaire 52 minutes &#8211; 2015 &#8211; Coproduction France t\u00e9l\u00e9visions \/ Les Productions de la Main Verte &#8211; R\u00e9alisation : Michel Chinaski &#8211; Image et direction technique : Christophe Bardy &#8211; Montage et infographies : R\u00e9mi moulin &#8211; Son : David Laporte-Gardes &#8211; Voix : Louise Boudevin et Jean-Jacques Lelt\u00e9 &#8211; Musique &hellip;<\/p>\n<p class=\"read-more\"> <a class=\"\" href=\"https:\/\/maverda.fr\/index.php\/production-documentaire\/cerbere-ville-frontiere\/\"> <span class=\"screen-reader-text\">Cerb\u00e8re ville fronti\u00e8re<\/span> Lire la suite\u00a0\u00bb<\/a><\/p>\n","protected":false},"author":1,"featured_media":948,"parent":146,"menu_order":0,"comment_status":"closed","ping_status":"closed","template":"","meta":{"site-sidebar-layout":"no-sidebar","site-content-layout":"page-builder","ast-global-header-display":"","ast-main-header-display":"","ast-hfb-above-header-display":"","ast-hfb-below-header-display":"","ast-hfb-mobile-header-display":"","site-post-title":"disabled","ast-breadcrumbs-content":"","ast-featured-img":"disabled","footer-sml-layout":"","theme-transparent-header-meta":"","adv-header-id-meta":"","stick-header-meta":"","header-above-stick-meta":"","header-main-stick-meta":"","header-below-stick-meta":"","footnotes":""},"class_list":["post-1048","page","type-page","status-publish","has-post-thumbnail","hentry"],"yoast_head":"<!-- This site is optimized with the Yoast SEO plugin v21.5 - https:\/\/yoast.com\/wordpress\/plugins\/seo\/ -->\n<title>Cerb\u00e8re ville fronti\u00e8re - Les Productions de la Main Verte<\/title>\n<meta name=\"description\" content=\"Pr\u00e9sentation documentaire sur la ville de cerb\u00e8re une Coproduction de France T\u00e9l\u00e9visions et Les Productions de la Main Verte.\" \/>\n<meta name=\"robots\" content=\"index, follow, max-snippet:-1, max-image-preview:large, max-video-preview:-1\" \/>\n<link rel=\"canonical\" href=\"https:\/\/maverda.fr\/index.php\/production-documentaire\/cerbere-ville-frontiere\/\" \/>\n<meta property=\"og:locale\" content=\"fr_FR\" \/>\n<meta property=\"og:type\" content=\"article\" \/>\n<meta property=\"og:title\" content=\"Cerb\u00e8re ville fronti\u00e8re - Les Productions de la Main Verte\" \/>\n<meta property=\"og:description\" content=\"Pr\u00e9sentation documentaire sur la ville de cerb\u00e8re une Coproduction de France T\u00e9l\u00e9visions et Les Productions de la Main Verte.\" \/>\n<meta property=\"og:url\" content=\"https:\/\/maverda.fr\/index.php\/production-documentaire\/cerbere-ville-frontiere\/\" \/>\n<meta property=\"og:site_name\" content=\"Les Productions de la Main Verte\" \/>\n<meta property=\"article:modified_time\" content=\"2023-11-21T15:48:22+00:00\" \/>\n<meta property=\"og:image\" content=\"https:\/\/maverda.fr\/wp-content\/uploads\/2023\/10\/Visuel-accueil-Cerbere-ville-frontiere.jpg\" \/>\n\t<meta property=\"og:image:width\" content=\"1920\" \/>\n\t<meta property=\"og:image:height\" content=\"1080\" \/>\n\t<meta property=\"og:image:type\" content=\"image\/jpeg\" \/>\n<meta name=\"twitter:card\" content=\"summary_large_image\" \/>\n<meta name=\"twitter:label1\" content=\"Dur\u00e9e de lecture estim\u00e9e\" \/>\n\t<meta name=\"twitter:data1\" content=\"2 minutes\" \/>\n<script type=\"application\/ld+json\" class=\"yoast-schema-graph\">{\"@context\":\"https:\/\/schema.org\",\"@graph\":[{\"@type\":\"WebPage\",\"@id\":\"https:\/\/maverda.fr\/index.php\/production-documentaire\/cerbere-ville-frontiere\/\",\"url\":\"https:\/\/maverda.fr\/index.php\/production-documentaire\/cerbere-ville-frontiere\/\",\"name\":\"Cerb\u00e8re ville fronti\u00e8re - Les Productions de la Main Verte\",\"isPartOf\":{\"@id\":\"https:\/\/maverda.fr\/#website\"},\"datePublished\":\"2023-10-25T22:15:43+00:00\",\"dateModified\":\"2023-11-21T15:48:22+00:00\",\"description\":\"Pr\u00e9sentation documentaire sur la ville de cerb\u00e8re une Coproduction de France T\u00e9l\u00e9visions et Les Productions de la Main Verte.\",\"breadcrumb\":{\"@id\":\"https:\/\/maverda.fr\/index.php\/production-documentaire\/cerbere-ville-frontiere\/#breadcrumb\"},\"inLanguage\":\"fr-FR\",\"potentialAction\":[{\"@type\":\"ReadAction\",\"target\":[\"https:\/\/maverda.fr\/index.php\/production-documentaire\/cerbere-ville-frontiere\/\"]}]},{\"@type\":\"BreadcrumbList\",\"@id\":\"https:\/\/maverda.fr\/index.php\/production-documentaire\/cerbere-ville-frontiere\/#breadcrumb\",\"itemListElement\":[{\"@type\":\"ListItem\",\"position\":1,\"name\":\"Accueil\",\"item\":\"https:\/\/maverda.fr\/\"},{\"@type\":\"ListItem\",\"position\":2,\"name\":\"Catalogue documentaires\",\"item\":\"https:\/\/maverda.fr\/index.php\/production-documentaire\/\"},{\"@type\":\"ListItem\",\"position\":3,\"name\":\"Cerb\u00e8re ville fronti\u00e8re\"}]},{\"@type\":\"WebSite\",\"@id\":\"https:\/\/maverda.fr\/#website\",\"url\":\"https:\/\/maverda.fr\/\",\"name\":\"Les Productions de la Main Verte\",\"description\":\"Un site utilisant WordPress\",\"publisher\":{\"@id\":\"https:\/\/maverda.fr\/#organization\"},\"potentialAction\":[{\"@type\":\"SearchAction\",\"target\":{\"@type\":\"EntryPoint\",\"urlTemplate\":\"https:\/\/maverda.fr\/?s={search_term_string}\"},\"query-input\":\"required name=search_term_string\"}],\"inLanguage\":\"fr-FR\"},{\"@type\":\"Organization\",\"@id\":\"https:\/\/maverda.fr\/#organization\",\"name\":\"Les Productions de la Main Verte\",\"url\":\"https:\/\/maverda.fr\/\",\"logo\":{\"@type\":\"ImageObject\",\"inLanguage\":\"fr-FR\",\"@id\":\"https:\/\/maverda.fr\/#\/schema\/logo\/image\/\",\"url\":\"https:\/\/maverda.fr\/wp-content\/uploads\/2024\/05\/cropped-Logo-Main-Verte-Fond-Beige.png\",\"contentUrl\":\"https:\/\/maverda.fr\/wp-content\/uploads\/2024\/05\/cropped-Logo-Main-Verte-Fond-Beige.png\",\"width\":1480,\"height\":397,\"caption\":\"Les Productions de la Main Verte\"},\"image\":{\"@id\":\"https:\/\/maverda.fr\/#\/schema\/logo\/image\/\"}}]}<\/script>\n<!-- \/ Yoast SEO plugin. -->","yoast_head_json":{"title":"Cerb\u00e8re ville fronti\u00e8re - Les Productions de la Main Verte","description":"Pr\u00e9sentation documentaire sur la ville de cerb\u00e8re une Coproduction de France T\u00e9l\u00e9visions et Les Productions de la Main Verte.","robots":{"index":"index","follow":"follow","max-snippet":"max-snippet:-1","max-image-preview":"max-image-preview:large","max-video-preview":"max-video-preview:-1"},"canonical":"https:\/\/maverda.fr\/index.php\/production-documentaire\/cerbere-ville-frontiere\/","og_locale":"fr_FR","og_type":"article","og_title":"Cerb\u00e8re ville fronti\u00e8re - Les Productions de la Main Verte","og_description":"Pr\u00e9sentation documentaire sur la ville de cerb\u00e8re une Coproduction de France T\u00e9l\u00e9visions et Les Productions de la Main Verte.","og_url":"https:\/\/maverda.fr\/index.php\/production-documentaire\/cerbere-ville-frontiere\/","og_site_name":"Les Productions de la Main Verte","article_modified_time":"2023-11-21T15:48:22+00:00","og_image":[{"width":1920,"height":1080,"url":"https:\/\/maverda.fr\/wp-content\/uploads\/2023\/10\/Visuel-accueil-Cerbere-ville-frontiere.jpg","type":"image\/jpeg"}],"twitter_card":"summary_large_image","twitter_misc":{"Dur\u00e9e de lecture estim\u00e9e":"2 minutes"},"schema":{"@context":"https:\/\/schema.org","@graph":[{"@type":"WebPage","@id":"https:\/\/maverda.fr\/index.php\/production-documentaire\/cerbere-ville-frontiere\/","url":"https:\/\/maverda.fr\/index.php\/production-documentaire\/cerbere-ville-frontiere\/","name":"Cerb\u00e8re ville fronti\u00e8re - Les Productions de la Main Verte","isPartOf":{"@id":"https:\/\/maverda.fr\/#website"},"datePublished":"2023-10-25T22:15:43+00:00","dateModified":"2023-11-21T15:48:22+00:00","description":"Pr\u00e9sentation documentaire sur la ville de cerb\u00e8re une Coproduction de France T\u00e9l\u00e9visions et Les Productions de la Main Verte.","breadcrumb":{"@id":"https:\/\/maverda.fr\/index.php\/production-documentaire\/cerbere-ville-frontiere\/#breadcrumb"},"inLanguage":"fr-FR","potentialAction":[{"@type":"ReadAction","target":["https:\/\/maverda.fr\/index.php\/production-documentaire\/cerbere-ville-frontiere\/"]}]},{"@type":"BreadcrumbList","@id":"https:\/\/maverda.fr\/index.php\/production-documentaire\/cerbere-ville-frontiere\/#breadcrumb","itemListElement":[{"@type":"ListItem","position":1,"name":"Accueil","item":"https:\/\/maverda.fr\/"},{"@type":"ListItem","position":2,"name":"Catalogue documentaires","item":"https:\/\/maverda.fr\/index.php\/production-documentaire\/"},{"@type":"ListItem","position":3,"name":"Cerb\u00e8re ville fronti\u00e8re"}]},{"@type":"WebSite","@id":"https:\/\/maverda.fr\/#website","url":"https:\/\/maverda.fr\/","name":"Les Productions de la Main Verte","description":"Un site utilisant WordPress","publisher":{"@id":"https:\/\/maverda.fr\/#organization"},"potentialAction":[{"@type":"SearchAction","target":{"@type":"EntryPoint","urlTemplate":"https:\/\/maverda.fr\/?s={search_term_string}"},"query-input":"required name=search_term_string"}],"inLanguage":"fr-FR"},{"@type":"Organization","@id":"https:\/\/maverda.fr\/#organization","name":"Les Productions de la Main Verte","url":"https:\/\/maverda.fr\/","logo":{"@type":"ImageObject","inLanguage":"fr-FR","@id":"https:\/\/maverda.fr\/#\/schema\/logo\/image\/","url":"https:\/\/maverda.fr\/wp-content\/uploads\/2024\/05\/cropped-Logo-Main-Verte-Fond-Beige.png","contentUrl":"https:\/\/maverda.fr\/wp-content\/uploads\/2024\/05\/cropped-Logo-Main-Verte-Fond-Beige.png","width":1480,"height":397,"caption":"Les Productions de la Main Verte"},"image":{"@id":"https:\/\/maverda.fr\/#\/schema\/logo\/image\/"}}]}},"_links":{"self":[{"href":"https:\/\/maverda.fr\/index.php\/wp-json\/wp\/v2\/pages\/1048","targetHints":{"allow":["GET"]}}],"collection":[{"href":"https:\/\/maverda.fr\/index.php\/wp-json\/wp\/v2\/pages"}],"about":[{"href":"https:\/\/maverda.fr\/index.php\/wp-json\/wp\/v2\/types\/page"}],"author":[{"embeddable":true,"href":"https:\/\/maverda.fr\/index.php\/wp-json\/wp\/v2\/users\/1"}],"replies":[{"embeddable":true,"href":"https:\/\/maverda.fr\/index.php\/wp-json\/wp\/v2\/comments?post=1048"}],"version-history":[{"count":149,"href":"https:\/\/maverda.fr\/index.php\/wp-json\/wp\/v2\/pages\/1048\/revisions"}],"predecessor-version":[{"id":2456,"href":"https:\/\/maverda.fr\/index.php\/wp-json\/wp\/v2\/pages\/1048\/revisions\/2456"}],"up":[{"embeddable":true,"href":"https:\/\/maverda.fr\/index.php\/wp-json\/wp\/v2\/pages\/146"}],"wp:featuredmedia":[{"embeddable":true,"href":"https:\/\/maverda.fr\/index.php\/wp-json\/wp\/v2\/media\/948"}],"wp:attachment":[{"href":"https:\/\/maverda.fr\/index.php\/wp-json\/wp\/v2\/media?parent=1048"}],"curies":[{"name":"wp","href":"https:\/\/api.w.org\/{rel}","templated":true}]}}